. Is y a composite number?
True
Let i = -9 - -12. Let c(s) = 3*s**3 + s**2 - 2*s + 1. Let l be c(1). Suppose -1220 = -2*v - l*v + i*j, 5*v - 4*j - 1215 = 0. Is v a composite number?
True
Suppose 0 = 4*r + 4*l - 2132, 2*l + 2705 = 5*r - l. Suppose 0*j + r = 4*i - 2*j, -3*i + 420 = 4*j. Is 12/(-3) + i + -1 composite?
False
Let j be 6 + -4 + (-3 - -1). Suppose -3*i + 141 + 1752 = j. Is i a prime number?
True
Let r(u) = 5*u - 46. Is r(21) composite?
False
Let x(g) = 193*g - 11. Let k be x(-5). Let n = k + 2037. Is n composite?
False
Suppose -26 + 8 = -3*o. Let k be (-40)/15*o/(-4). Suppose k*s - 4*d = 1200, -3*s + d = s - 1197. Is s a composite number?
True
Let i(g) = 217*g**3 - 17*g**2 + 61*g + 12. Is i(5) a composite number?
False
Is (2676/42)/(2/7) a prime number?
True
Is ((-12)/7)/((-14)/69384) - -1 a prime number?
False
Let j be (-10)/25 - 22/(-5). Suppose -3 + 19 = j*d. Suppose -c - d = -6. Is c prime?
True
Suppose 0 = -i + 2*a + 440 + 854, 3*a = 15. Let w = i + -783. Let o = w + -366. Is o prime?
False
Let i(b) = -4*b**2 + 3*b + 232. Let f(t) = t**2 - t + 1. Let p(o) = 3*f(o) + i(o). Is p(0) prime?
False
Suppose -4*k + 3*s - 34 = 0, -5*s = -8 - 2. Let z = -1 - k. Let i(j) = 4*j**3 - 4*j**2 + 3*j - 1. Is i(z) a prime number?
False
Is 4632 - (7 + 2*(1 + -3)) a prime number?
False
Let d be 0*((-8)/(-16) - (-1 + 2)). Suppose 2*h - 444 + 18 = d. Is h a composite number?
True
Suppose -2*o + 1 = -3. Suppose -5*u + 4785 = 5*z, -2*z - 227 = -u - 2156. Suppose d - z = -j, o*d - 5*j - 2862 = -d. Is d prime?
False
Suppose -3*y + 2*w + 383777 = -2*w, -2*y - 3*w + 255840 = 0. Is y a composite number?
True
Suppose 3*z = 19 + 5. Is -4 - 6*(-1276)/z composite?
False
Let d be (-785)/(-3 - (-10)/4). Suppose -2*j = -7*j + d. Suppose s + s - j = 0. Is s composite?
False
Is (1245/30)/(1/206) composite?
True
Suppose -281771 = -1198*o + 1191*o. Is o composite?
False
Is (-14)/28 + 42237/6 a composite number?
False
Suppose 0 = 2*d - 74 - 474. Suppose -3*r + 399 = -w, r - 3*r = 2*w - d. Let k = r + -51. Is k composite?
False
Let w(x) = 20*x**3 - 5*x**2 + 3*x + 18. Let l be w(4). Let n(r) = -9*r. Let p be n(-1). Suppose 0 = p*m - 3*m - l. Is m a prime number?
False
Suppose -7*i = -2*i - 15. Suppose -i*u - 631 = n - 3*n, -3*n - 4*u = -938. Suppose -b + n = 2*t, -b + 0*b = -t + 157. Is t composite?
False
Let v = -165 + 463. Is v composite?
True
Suppose -2*w = -a + 150, -3*w - 29 - 269 = -2*a. Let z be 8/12 + a/6. Suppose -l + z = -28. Is l a composite number?
False
Suppose -6*p = -2*r - 2*p, -2*p = -4*r + 12. Let g(q) = -q**2 - 31*q + 68. Let j be g(-33). Suppose -1482 = -r*d + j*h, 95 = -3*d + 2*h + 1204. Is d composite?
False
Let l(x) = x**2 - 14*x - 6. Let b be l(15). Suppose -8*y = -b*y + 15. Let o(p) = 10*p - 5. Is o(y) a composite number?
True
Suppose 2*l - 5*j = -2*l + 2452, -5*l = -2*j - 3065. Is l a composite number?
False
Let q be 1*(-4 + 3)*-814. Suppose r + 129 - q = 0. Is r a composite number?
True
Suppose -2*d + 3*o + 21283 = 0, 18417 = -4*d - 2*o + 60991. Is d prime?
False
Let y = 21 - 28. Let f be (-14)/y - 2*-4. Suppose -6685 = 5*n - f*n. Is n prime?
False
Suppose 2*y - 17*y + 20415 = 0. Is y prime?
True
Suppose 5*u = 3*w - 4*w + 1468, w - u - 1462 = 0. Let r(i) = 124*i**3 + 3*i**2 + 2*i. Let h be r(-2). Let x = w + h. Is x composite?
False
Let p(m) = 11*m**3 - 11*m**2 + 29*m + 7. Is p(6) a prime number?
True
Let n = 188 + -382. Let f = -530 + 178. Let r = n - f. Is r a prime number?
False
Let a be (-14)/(-77) - 43420/(-44). Suppose -b - a = -3068. Is b a prime number?
True
Let z(q) = -264*q + 45. Is z(-4) a prime number?
False
Suppose 749690 = 67*c - 57*c. Is c a composite number?
True
Suppose -2*r - 2*r = -3*w + 27, 5*r + 20 = w. Suppose l + 17 = w*x, 0 = l + x - 2*x + 1. Suppose -l*n = -n - 254. Is n composite?
False
Suppose -q = -2*q + 4600. Suppose -q = -7*a - 1065. Is a prime?
False
Let h(c) = -c**3 - 9*c**2 - 42*c - 24. Suppose -5*a = 4*a + 117. Is h(a) prime?
False
Let t(j) = j**3 + 2*j**2 + 13*j + 16. Suppose 0*q - 16 = -4*q. Let y(a) = -a**3 - 3*a**2 - 12*a - 15. Let v(f) = q*t(f) + 5*y(f). Is v(-9) a composite number?
False
Let f(n) = 2*n**2 - 3*n**2 - 8*n - 25 + 7*n**2 + 4*n. Is f(-11) a composite number?
True
Let i(m) = -16*m**3 + 13*m**2 + 23*m + 7. Is i(-13) a prime number?
True
Let l(m) be the second derivative of 49*m**3/6 - 9*m**2/2 + m. Let c be l(10). Suppose -5*s + 484 = -k, s - 6*s = -4*k - c. Is s a prime number?
True
Let c(m) = m**3 + 10*m**2 - 9*m - 9. Suppose -3*k - 39 + 159 = 0. Suppose -4*b - k = b. Is c(b) a composite number?
False
Suppose 0 = -3*k + 2*o + 2*o + 22, -2*k + 4*o + 16 = 0. Is (-3)/(-6) + 579/k a prime number?
True
Suppose -28*v + 24*v + 20 = 0. Suppose 3*k - 15 = -5*r, -v*k + 25 = -4*r - r. Suppose -k*g + 734 = 3*s, 3*s - 3*g - 754 = -4*g. Is s a composite number?
True
Let p = -2 + 4. Let r(u) = 0*u + 23*u**p + 0 - 2*u + 1. Is r(-2) a composite number?
False
Let n(k) = 3*k**3 + 2*k**2 - 2*k - 2. Let u be n(-3). Let s = u + 0. Let p = s - -190. Is p a composite number?
False
Let r be -3*29/(-3) - 2. Suppose -33*g + 30*g - r = 0. Let b(z) = -z**3 - 8*z**2 + 5*z + 1. Is b(g) a composite number?
False
Let g be 4/(-18) + 350760/135. Let y = g - 1787. Is y a prime number?
True
Let m(k) = 4*k + 11. Let l be m(-8). Let a = 21 + l. Suppose -4*z = o - 540, 2*z + o - 151 - 121 = a. Is z a prime number?
False
Let z be (-3)/(((-4)/(-1))/(-4)). Suppose -z*n - 4*v + 1659 = 0, -5*n + 2765 = v + 2*v. Is n composite?
True
Let o = 1517 + -610. Is o prime?
True
Let v be 0 + 170 + 8/2. Let r = v - 100. Is r prime?
False
Let a(b) = -1151*b + 2. Is a(-7) a prime number?
True
Let i = 2408 + -1587. Is i a prime number?
True
Suppose 0 = -5*k + 3*p + 4238, 4*p = k - 0*p - 834. Let c = k + 119. Let j = c + -518. Is j a composite number?
True
Let n = 1536 - -3215. Is n prime?
True
Let m = 6 + 0. Let g be 58/m + (-4)/(-12). Suppose 4*q = -4*t + 108, -5*t + 142 = 2*q + g. Is t prime?
False
Suppose 0 = c - 3*a + 100 - 365, -2*c + 508 = 5*a. Suppose 4*h - 376 = -2*o - 3*o, -3*h + 2*o = -c. Is h a composite number?
False
Suppose -34*f + 61744 = -18*f. Is f prime?
False
Let s = -769 - -2028. Is s a prime number?
True
Suppose 2*y - 1138 = 2*m, m + 16 = 5*m. Suppose 573 = l - 2*j, l - 7*j - y = -3*j. Is l prime?
False
Let p = -69 - -104. Let c = p + 74. Is c a prime number?
True
Let n be 2/18 + 21152/144. Suppose 2*i - 3*i = -n. Suppose 3*p - 642 - i = 0. Is p composite?
False
Let w = 6 + -3. Suppose 684 = w*r + r. Is r/12*8/2 a composite number?
True
Is (-12379)/(-7)*3 - (-4)/(-14) a composite number?
True
Suppose 5*m - 54448 + 148830 = 3*x, -5*x - 2*m + 157355 = 0. Is x prime?
True
Let f be 3 - (32/(-3) - (-7)/(-21)). Suppose f*z - 21*z = -4417. Is z composite?
False
Let t(v) = -v**3 - 2*v**2 + 2*v - 2. Let w be t(-3). Suppose 2*x - 1628 = 4*x. Is w/(-3) + x/(-3) a composite number?
False
Suppose 0 = w - 14814 - 16829. Is w a composite number?
False
Suppose 0 = 2*x + c + 1037, -3*x - 2*c = -c + 1553. Let w = x + 995. Is w composite?
False
Let f(z) = -z + 1. Let j be f(-1). Let y = 0 + j. Suppose -76 - 222 = -y*b. Is b a prime number?
True
Suppose -9 = p + 2*f, 4*p - 2*p + f = -6. Let k be -2 + p + 3 - -25. Let j = k + -12. Is j composite?
False
Suppose 3*l = 5*l + 3*g + 1336, -3366 = 5*l + g. Let a = l - -1054. Suppose -2*d + 1314 - a = 0. Is d composite?
False
Let q(c) = 16*c**2 + 17*c + 26. Suppose 5*z + 10 = -0*z. Let x(s) = -5*s**2 - 6*s - 9. Let i(g) = z*q(g) - 7*x(g). Is i(-8) a composite number?
False
Let b be 1/(2*5/50). Suppose 0 = -3*m + 3*q + 15, b = 2*m + m + 2*q. Is ((-111)/(-15))/(m/15) prime?
True
Suppose 0 = h - 2*b, 4 - 1 = 2*h - b. Suppose -t + 184 = h*t - 5*q, 5*t - 4*q = 285. Is t a prime number?
True
Let d be 1/((-2)/825)*24/(-18). Let o = 189 + d. Is o a prime number?
True
Suppose -y + 2*d + 3585 = -3684, 0 = 4*y - 3*d - 29086. Is y a composite number?
True
Suppose -3*u - 4 + 19 = 0. Suppose 3*x - 2*x - 89 = 2*h, 4*x = -u*h + 369. Is x prime?
False
Suppose -3272 = -4*d - 0*d. Suppose 2*h + 0*h + 3*x + 1056 = 0, 5*x - 1040 = 2*h. Let a = h + d. Is a a composite number?
False
Let m be -7 + 3 + 2 + 5. Suppose 11 - 8 = -m*z. Is 109*z/(3 + -4) a prime number?
True
Let t = 88 + -94. Suppose 0*a - 6384 = -4*a. Is a/9 - t/9 a 